{"id":2893,"date":"2024-07-15T03:51:21","date_gmt":"2024-07-15T03:51:21","guid":{"rendered":"https:\/\/felan.ricetheme.com\/freelance\/?page_id=2893"},"modified":"2024-07-15T03:51:21","modified_gmt":"2024-07-15T03:51:21","slug":"sign-up","status":"publish","type":"page","link":"https:\/\/happytime.blog\/index.php\/sign-up\/","title":{"rendered":"Sign Up"},"content":{"rendered":"\t\t<div data-elementor-type=\"wp-page\" data-elementor-id=\"2893\" class=\"elementor elementor-2893\" data-elementor-post-type=\"page\">\n\t\t\t\t<div class=\"elementor-element elementor-element-6804ddc e-con-full e-flex e-con e-parent\" data-id=\"6804ddc\" data-element_type=\"container\" data-settings=\"{&quot;background_background&quot;:&quot;classic&quot;}\">\n\t\t<div class=\"elementor-element elementor-element-6f848c2 e-con-full elementor-hidden-mobile e-flex e-con e-child\" data-id=\"6f848c2\" data-element_type=\"container\" data-settings=\"{&quot;background_background&quot;:&quot;classic&quot;}\">\n\t\t\t\t<\/div>\n\t\t<div class=\"elementor-element elementor-element-fb0cdbf e-con-full e-flex e-con e-child\" data-id=\"fb0cdbf\" data-element_type=\"container\">\n\t\t\t\t<div class=\"elementor-element elementor-element-f4dab0c elementor-widget elementor-widget-image\" data-id=\"f4dab0c\" data-element_type=\"widget\" data-widget_type=\"image.default\">\n\t\t\t\t\t\t\t\t\t\t\t\t\t\t\t\t<a href=\"https:\/\/felan.ricetheme.com\/freelance\/\">\n\t\t\t\t\t\t\t<img decoding=\"async\" width=\"112\" height=\"28\" src=\"https:\/\/happytime.blog\/wp-content\/uploads\/2024\/07\/felan-logo-black.svg\" class=\"attachment-full size-full wp-image-12103\" alt=\"\" \/>\t\t\t\t\t\t\t\t<\/a>\n\t\t\t\t\t\t\t\t\t\t\t\t\t\t\t<\/div>\n\t\t\t\t<div class=\"elementor-element elementor-element-822dd64 elementor-widget elementor-widget-felan-heading\" data-id=\"822dd64\" data-element_type=\"widget\" data-widget_type=\"felan-heading.default\">\n\t\t\t\t<div class=\"elementor-widget-container\">\n\t\t\t\t\t\t\t<div class=\"felan-modern-heading\">\r\n\t\t\t\r\n\t\t\t\t\t\t<div class=\"heading-primary-wrap\">\r\n\t\t\t\t<h2 class=\"heading-primary elementor-heading-title\">Sign up<\/h2>\t\t\t<\/div>\r\n\t\t\r\n\t\t\t\r\n\t\t\t\t\t\t<div class=\"heading-description-wrap\">\r\n\t\t\t\t<div class=\"heading-description\">\r\n\t\t\t\t\t<p>or already have an account? <a style=\"color:\" href=\"\/\/felan.ricetheme.com\/freelance\/sign-in&quot;\">Sign in<\/a><\/p>\t\t\t\t<\/div>\r\n\t\t\t<\/div>\r\n\t\t\t\t<\/div>\r\n\t\t\t\t\t<\/div>\n\t\t\t\t<\/div>\n\t\t\t\t<div class=\"elementor-element elementor-element-61f7cc4 elementor-widget__width-inherit elementor-widget elementor-widget-felan-user-form\" data-id=\"61f7cc4\" data-element_type=\"widget\" data-widget_type=\"felan-user-form.default\">\n\t\t\t\t<div class=\"elementor-widget-container\">\n\t\t\t\t\t\t\t\t<div class=\"loading-effect\"><span class=\"felan-dual-ring\"><\/span><\/div>\r\n\t\t\t\t\t\t\t<form action=\"#\" class=\"form-account active ux-register\" method=\"post\" data-redirect=\"yes\">\r\n\t\t\t\t\t\t\t\t\t\t\t<div class=\"form-group\">\r\n\t\t\t\t\t\t\t<div class=\"row\">\r\n\t\t\t\t\t\t\t\t<div class=\"col-6\">\r\n\t\t\t\t\t\t\t\t\t<div class=\"col-group\">\r\n\t\t\t\t\t\t\t\t\t\t<label for=\"felan_user_freelancer1\" class=\"label-field radio-field\">\r\n                                            <input type=\"radio\" value=\"felan_user_freelancer\" id=\"felan_user_freelancer1\" name=\"account_type\" checked>\r\n\t\t\t\t\t\t\t\t\t\t\t<span><i class=\"fal fa-user\"><\/i>\r\n                                                                                                    Freelancer                                                                                            <\/span>\r\n\t\t\t\t\t\t\t\t\t\t<\/label>\r\n\t\t\t\t\t\t\t\t\t<\/div>\r\n\t\t\t\t\t\t\t\t<\/div>\r\n\t\t\t\t\t\t\t\t<div class=\"col-6\">\r\n\t\t\t\t\t\t\t\t\t<div class=\"col-group\">\r\n\t\t\t\t\t\t\t\t\t\t<label for=\"felan_user_employer1\" class=\"label-field radio-field\">\r\n                                            <input type=\"radio\" value=\"felan_user_employer\" id=\"felan_user_employer1\" name=\"account_type\" >\r\n\t\t\t\t\t\t\t\t\t\t\t<span><i class=\"fal fa-briefcase\"><\/i>Employer<\/span>\r\n\t\t\t\t\t\t\t\t\t\t<\/label>\r\n\t\t\t\t\t\t\t\t\t<\/div>\r\n\t\t\t\t\t\t\t\t<\/div>\r\n\t\t\t\t\t\t\t<\/div>\r\n\t\t\t\t\t\t<\/div>\r\n                    \t\t\t\t\t<div class=\"form-group\">\r\n\t\t\t\t\t\t<div class=\"row\">\r\n\t\t\t\t\t\t\t<div class=\"col-6\">\r\n\t\t\t\t\t\t\t\t<div class=\"col-group\">\r\n\t\t\t\t\t\t\t\t\t<label for=\"el_ip_reg_firstname\" class=\"label-field\">First Name<span class=\"require\">*<\/span><\/label>\r\n\t\t\t\t\t\t\t\t\t<input type=\"text\" id=\"el_ip_reg_firstname\" class=\"form-control input-field\" name=\"reg_firstname\" placeholder=\"Name\">\r\n\t\t\t\t\t\t\t\t<\/div>\r\n\t\t\t\t\t\t\t<\/div>\r\n\t\t\t\t\t\t\t<div class=\"col-6\">\r\n\t\t\t\t\t\t\t\t<div class=\"col-group\">\r\n\t\t\t\t\t\t\t\t\t<label for=\"ip_reg_lastname\" class=\"label-field\">Last Name<span class=\"require\">*<\/span><\/label>\r\n\t\t\t\t\t\t\t\t\t<input type=\"text\" id=\"ip_reg_lastname\" class=\"form-control input-field\" name=\"reg_lastname\" placeholder=\"Name\">\r\n\t\t\t\t\t\t\t\t<\/div>\r\n\t\t\t\t\t\t\t<\/div>\r\n\t\t\t\t\t\t<\/div>\r\n\t\t\t\t\t<\/div>\r\n\t\t\t\t\t<div class=\"form-group\">\r\n\t\t\t\t\t\t<label for=\"ip_reg_company_name\" class=\"label-field\">Username<span class=\"require\">*<\/span><\/label>\r\n\t\t\t\t\t\t<input type=\"text\" id=\"ip_reg_company_name\" class=\"form-control input-field\" name=\"reg_company_name\" placeholder=\"Enter Username\">\r\n\t\t\t\t\t<\/div>\r\n\t\t\t\t\t<div class=\"form-group\">\r\n\t\t\t\t\t\t<label for=\"el_ip_reg_email\" class=\"label-field\">Email<span class=\"require\">*<\/span><\/label>\r\n\t\t\t\t\t\t<input type=\"email\" id=\"el_ip_reg_email\" class=\"form-control input-field\" name=\"reg_email\" placeholder=\"Enter Email\">\r\n\t\t\t\t\t<\/div>\r\n                    <div class=\"form-group\">\r\n                        <label for=\"ip_reg_phone\" class=\"label-field\">Phone number<\/label>\r\n                        <div class=\"tel-group\">\r\n                            <select name=\"prefix_code\" class=\"felan-select2 prefix-code\">\r\n                                <option value=\"ax\" data-dial-code=\"+358\" >\u00c5land Islands (+358)<\/option><option value=\"af\" data-dial-code=\"+93\" >Afghanistan (+93)<\/option><option value=\"al\" data-dial-code=\"+355\" >Albania (+355)<\/option><option value=\"dz\" data-dial-code=\"+213\" >Algeria (+213)<\/option><option value=\"as\" data-dial-code=\"+1684\" >American Samoa (+1684)<\/option><option value=\"ad\" data-dial-code=\"+376\" >Andorra (+376)<\/option><option value=\"ao\" data-dial-code=\"+244\" >Angola (+244)<\/option><option value=\"ai\" data-dial-code=\"+1264\" >Anguilla (+1264)<\/option><option value=\"ag\" data-dial-code=\"+1268\" >Antigua and Barbuda (+1268)<\/option><option value=\"ar\" data-dial-code=\"+54\" >Argentina (+54)<\/option><option value=\"am\" data-dial-code=\"+374\" >Armenia (+374)<\/option><option value=\"aw\" data-dial-code=\"+297\" >Aruba (+297)<\/option><option value=\"au\" data-dial-code=\"+61\" >Australia (+61)<\/option><option value=\"at\" data-dial-code=\"+43\" >Austria (+43)<\/option><option value=\"az\" data-dial-code=\"+994\" >Azerbaijan (+994)<\/option><option value=\"bs\" data-dial-code=\"+1242\" >Bahamas (+1242)<\/option><option value=\"bh\" data-dial-code=\"+973\" >Bahrain (+973)<\/option><option value=\"bd\" data-dial-code=\"+880\" >Bangladesh (+880)<\/option><option value=\"bb\" data-dial-code=\"+1246\" >Barbados (+1246)<\/option><option value=\"by\" data-dial-code=\"+375\" >Belarus (+375)<\/option><option value=\"be\" data-dial-code=\"+32\" >Belgium (+32)<\/option><option value=\"bz\" data-dial-code=\"+501\" >Belize (+501)<\/option><option value=\"bj\" data-dial-code=\"+229\" >Benin (+229)<\/option><option value=\"bm\" data-dial-code=\"+1441\" >Bermuda (+1441)<\/option><option value=\"bt\" data-dial-code=\"+975\" >Bhutan (+975)<\/option><option value=\"bo\" data-dial-code=\"+591\" >Bolivia (+591)<\/option><option value=\"ba\" data-dial-code=\"+387\" >Bosnia and Herzegovina (+387)<\/option><option value=\"bw\" data-dial-code=\"+267\" >Botswana (+267)<\/option><option value=\"br\" data-dial-code=\"+55\" >Brazil (+55)<\/option><option value=\"io\" data-dial-code=\"+246\" >British Indian Ocean Territory (+246)<\/option><option value=\"vg\" data-dial-code=\"+1284\" >British Virgin Islands (+1284)<\/option><option value=\"bn\" data-dial-code=\"+673\" >Brunei (+673)<\/option><option value=\"bg\" data-dial-code=\"+359\" >Bulgaria (+359)<\/option><option value=\"bf\" data-dial-code=\"+226\" >Burkina Faso (+226)<\/option><option value=\"bi\" data-dial-code=\"+257\" >Burundi (+257)<\/option><option value=\"kh\" data-dial-code=\"+855\" >Cambodia (+855)<\/option><option value=\"cm\" data-dial-code=\"+237\" >Cameroon (+237)<\/option><option value=\"ca\" data-dial-code=\"+1\" >Canada (+1)<\/option><option value=\"cv\" data-dial-code=\"+238\" >Cape Verde (+238)<\/option><option value=\"bq\" data-dial-code=\"+599\" >Caribbean Netherlands (+599)<\/option><option value=\"ky\" data-dial-code=\"+1345\" >Cayman Islands (+1345)<\/option><option value=\"cf\" data-dial-code=\"+236\" >Central African Republic (+236)<\/option><option value=\"td\" data-dial-code=\"+235\" >Chad (+235)<\/option><option value=\"cl\" data-dial-code=\"+56\" >Chile (+56)<\/option><option value=\"cn\" data-dial-code=\"+86\" >China (+86)<\/option><option value=\"cx\" data-dial-code=\"+61\" >Christmas Island (+61)<\/option><option value=\"co\" data-dial-code=\"+57\" >Colombia (+57)<\/option><option value=\"km\" data-dial-code=\"+269\" >Comoros (+269)<\/option><option value=\"cd\" data-dial-code=\"+243\" >Congo DRC (+243)<\/option><option value=\"cg\" data-dial-code=\"+242\" >Congo Republic (+242)<\/option><option value=\"ck\" data-dial-code=\"+682\" >Cook Islands (+682)<\/option><option value=\"cr\" data-dial-code=\"+506\" >Costa Rica (+506)<\/option><option value=\"ci\" data-dial-code=\"+225\" >C\u00f4te d\u2019Ivoire (+225)<\/option><option value=\"hr\" data-dial-code=\"+385\" >Croatia (+385)<\/option><option value=\"cu\" data-dial-code=\"+53\" >Cuba (+53)<\/option><option value=\"cw\" data-dial-code=\"+599\" >Cura\u00e7ao (+599)<\/option><option value=\"cy\" data-dial-code=\"+357\" >Cyprus (+357)<\/option><option value=\"cz\" data-dial-code=\"+420\" >Czech Republic (+420)<\/option><option value=\"dk\" data-dial-code=\"+45\" >Denmark (+45)<\/option><option value=\"dj\" data-dial-code=\"+253\" >Djibouti (+253)<\/option><option value=\"dm\" data-dial-code=\"+1767\" >Dominica (+1767)<\/option><option value=\"ec\" data-dial-code=\"+593\" >Ecuador (+593)<\/option><option value=\"eg\" data-dial-code=\"+20\" >Egypt (+20)<\/option><option value=\"sv\" data-dial-code=\"+503\" >El Salvador (+503)<\/option><option value=\"gq\" data-dial-code=\"+240\" >Equatorial Guinea (+240)<\/option><option value=\"er\" data-dial-code=\"+291\" >Eritrea (+291)<\/option><option value=\"ee\" data-dial-code=\"+372\" >Estonia (+372)<\/option><option value=\"et\" data-dial-code=\"+251\" >Ethiopia (+251)<\/option><option value=\"fk\" data-dial-code=\"+500\" >Falkland Islands (+500)<\/option><option value=\"fo\" data-dial-code=\"+298\" >Faroe Islands (+298)<\/option><option value=\"fj\" data-dial-code=\"+679\" >Fiji (+679)<\/option><option value=\"fi\" data-dial-code=\"+358\" >Finland (+358)<\/option><option value=\"fr\" data-dial-code=\"+33\" >France (+33)<\/option><option value=\"gf\" data-dial-code=\"+594\" >French Guiana (+594)<\/option><option value=\"pf\" data-dial-code=\"+689\" >French Polynesia (+689)<\/option><option value=\"ga\" data-dial-code=\"+241\" >Gabon (+241)<\/option><option value=\"gm\" data-dial-code=\"+220\" >Gambia (+220)<\/option><option value=\"ge\" data-dial-code=\"+995\" >Georgia (+995)<\/option><option value=\"de\" data-dial-code=\"+49\" >Germany (+49)<\/option><option value=\"gh\" data-dial-code=\"+233\" >Ghana (+233)<\/option><option value=\"gi\" data-dial-code=\"+350\" >Gibraltar (+350)<\/option><option value=\"gr\" data-dial-code=\"+30\" >Greece (+30)<\/option><option value=\"gl\" data-dial-code=\"+299\" >Greenland (+299)<\/option><option value=\"gd\" data-dial-code=\"+1473\" >Grenada (+1473)<\/option><option value=\"gp\" data-dial-code=\"+590\" >Guadeloupe (+590)<\/option><option value=\"gu\" data-dial-code=\"+1671\" >Guam (+1671)<\/option><option value=\"gt\" data-dial-code=\"+502\" >Guatemala (+502)<\/option><option value=\"gg\" data-dial-code=\"+44\" >Guernsey (+44)<\/option><option value=\"gn\" data-dial-code=\"+224\" >Guinea (+224)<\/option><option value=\"gw\" data-dial-code=\"+245\" >Guinea-Bissau (+245)<\/option><option value=\"gy\" data-dial-code=\"+592\" >Guyana (+592)<\/option><option value=\"ht\" data-dial-code=\"+509\" >Haiti (+509)<\/option><option value=\"hn\" data-dial-code=\"+504\" >Honduras (+504)<\/option><option value=\"hk\" data-dial-code=\"+852\" >Hong Kong (+852)<\/option><option value=\"hu\" data-dial-code=\"+36\" >Hungary (+36)<\/option><option value=\"is\" data-dial-code=\"+354\" >Iceland (+354)<\/option><option value=\"in\" data-dial-code=\"+91\" >India (+91)<\/option><option value=\"id\" data-dial-code=\"+62\" >Indonesia (+62)<\/option><option value=\"ir\" data-dial-code=\"+98\" >Iran (+98)<\/option><option value=\"iq\" data-dial-code=\"+964\" >Iraq (+964)<\/option><option value=\"ie\" data-dial-code=\"+353\" >Ireland (+353)<\/option><option value=\"im\" data-dial-code=\"+44\" >Isle of Man (+44)<\/option><option value=\"il\" data-dial-code=\"+972\" >Israel (+972)<\/option><option value=\"it\" data-dial-code=\"+39\" >Italy (+39)<\/option><option value=\"jm\" data-dial-code=\"+1876\" >Jamaica (+1876)<\/option><option value=\"jp\" data-dial-code=\"+81\" >Japan (+81)<\/option><option value=\"je\" data-dial-code=\"+44\" >Jersey (+44)<\/option><option value=\"jo\" data-dial-code=\"+962\" >Jordan (+962)<\/option><option value=\"kz\" data-dial-code=\"+7\" >Kazakhstan (+7)<\/option><option value=\"ke\" data-dial-code=\"+254\" >Kenya (+254)<\/option><option value=\"ki\" data-dial-code=\"+686\" >Kiribati (+686)<\/option><option value=\"xk\" data-dial-code=\"+383\" >Kosovo (+383)<\/option><option value=\"kw\" data-dial-code=\"+965\" >Kuwait (+965)<\/option><option value=\"kg\" data-dial-code=\"+996\" >Kyrgyzstan (+996)<\/option><option value=\"la\" data-dial-code=\"+856\" >Laos (+856)<\/option><option value=\"lv\" data-dial-code=\"+371\" >Latvia (+371)<\/option><option value=\"lb\" data-dial-code=\"+961\" >Lebanon (+961)<\/option><option value=\"ls\" data-dial-code=\"+266\" >Lesotho (+266)<\/option><option value=\"lr\" data-dial-code=\"+231\" >Liberia (+231)<\/option><option value=\"ly\" data-dial-code=\"+218\" >Libya (+218)<\/option><option value=\"li\" data-dial-code=\"+423\" >Liechtenstein (+423)<\/option><option value=\"lt\" data-dial-code=\"+370\" >Lithuania (+370)<\/option><option value=\"lu\" data-dial-code=\"+352\" >Luxembourg (+352)<\/option><option value=\"mo\" data-dial-code=\"+853\" >Macau (+853)<\/option><option value=\"mk\" data-dial-code=\"+389\" >Macedonia (+389)<\/option><option value=\"mg\" data-dial-code=\"+261\" >Madagascar (+261)<\/option><option value=\"mw\" data-dial-code=\"+265\" >Malawi (+265)<\/option><option value=\"my\" data-dial-code=\"+60\" >Malaysia (+60)<\/option><option value=\"mv\" data-dial-code=\"+960\" >Maldives (+960)<\/option><option value=\"ml\" data-dial-code=\"+223\" >Mali (+223)<\/option><option value=\"mt\" data-dial-code=\"+356\" >Malta (+356)<\/option><option value=\"mh\" data-dial-code=\"+692\" >Marshall Islands (+692)<\/option><option value=\"mq\" data-dial-code=\"+596\" >Martinique (+596)<\/option><option value=\"mr\" data-dial-code=\"+222\" >Mauritania (+222)<\/option><option value=\"mu\" data-dial-code=\"+230\" >Mauritius (+230)<\/option><option value=\"yt\" data-dial-code=\"+262\" >Mayotte (+262)<\/option><option value=\"mx\" data-dial-code=\"+52\" >Mexico (+52)<\/option><option value=\"fm\" data-dial-code=\"+691\" >Micronesia (+691)<\/option><option value=\"md\" data-dial-code=\"+373\" >Moldova (+373)<\/option><option value=\"mc\" data-dial-code=\"+377\" >Monaco (+377)<\/option><option value=\"mn\" data-dial-code=\"+976\" >Mongolia (+976)<\/option><option value=\"me\" data-dial-code=\"+382\" >Montenegro (+382)<\/option><option value=\"ms\" data-dial-code=\"+1664\" >Montserrat (+1664)<\/option><option value=\"ma\" data-dial-code=\"+212\" >Morocco (+212)<\/option><option value=\"mz\" data-dial-code=\"+258\" >Mozambique (+258)<\/option><option value=\"mm\" data-dial-code=\"+95\" >Myanmar (+95)<\/option><option value=\"na\" data-dial-code=\"+264\" >Namibia (+264)<\/option><option value=\"nr\" data-dial-code=\"+674\" >Nauru (+674)<\/option><option value=\"np\" data-dial-code=\"+977\" >Nepal (+977)<\/option><option value=\"nl\" data-dial-code=\"+31\" >Netherlands (+31)<\/option><option value=\"nc\" data-dial-code=\"+687\" >New Caledonia (+687)<\/option><option value=\"nz\" data-dial-code=\"+64\" >New Zealand (+64)<\/option><option value=\"ni\" data-dial-code=\"+505\" >Nicaragua (+505)<\/option><option value=\"ne\" data-dial-code=\"+227\" >Niger (+227)<\/option><option value=\"ng\" data-dial-code=\"+234\" >Nigeria (+234)<\/option><option value=\"nu\" data-dial-code=\"+683\" >Niue (+683)<\/option><option value=\"nf\" data-dial-code=\"+672\" >Norfolk Island (+672)<\/option><option value=\"kp\" data-dial-code=\"+850\" >North Korea (+850)<\/option><option value=\"mp\" data-dial-code=\"+1670\" >Northern Mariana Islands (+1670)<\/option><option value=\"no\" data-dial-code=\"+47\" >Norway (+47)<\/option><option value=\"om\" data-dial-code=\"+968\" >Oman (+968)<\/option><option value=\"pk\" data-dial-code=\"+92\" >Pakistan (+92)<\/option><option value=\"pw\" data-dial-code=\"+680\" >Palau (+680)<\/option><option value=\"ps\" data-dial-code=\"+970\" >Palestine (+970)<\/option><option value=\"pa\" data-dial-code=\"+507\" >Panama (+507)<\/option><option value=\"pg\" data-dial-code=\"+675\" >Papua New Guinea (+675)<\/option><option value=\"py\" data-dial-code=\"+595\" >Paraguay (+595)<\/option><option value=\"pe\" data-dial-code=\"+51\" >Peru (+51)<\/option><option value=\"ph\" data-dial-code=\"+63\" >Philippines (+63)<\/option><option value=\"pl\" data-dial-code=\"+48\" >Poland (+48)<\/option><option value=\"pt\" data-dial-code=\"+351\" >Portugal (+351)<\/option><option value=\"qa\" data-dial-code=\"+974\" >Qatar (+974)<\/option><option value=\"re\" data-dial-code=\"+262\" >R\u00e9union (+262)<\/option><option value=\"ro\" data-dial-code=\"+40\" >Romania (+40)<\/option><option value=\"ru\" data-dial-code=\"+7\" >Russia (+7)<\/option><option value=\"rw\" data-dial-code=\"+250\" >Rwanda (+250)<\/option><option value=\"bl\" data-dial-code=\"+590\" >Saint Barth\u00e9lemy (+590)<\/option><option value=\"sh\" data-dial-code=\"+290\" >Saint Helena (+290)<\/option><option value=\"kn\" data-dial-code=\"+1869\" >Saint Kitts and Nevis (+1869)<\/option><option value=\"lc\" data-dial-code=\"+1758\" >Saint Lucia (+1758)<\/option><option value=\"mf\" data-dial-code=\"+590\" >Saint Martin (+590)<\/option><option value=\"pm\" data-dial-code=\"+508\" >Saint Pierre and Miquelon (+508)<\/option><option value=\"vc\" data-dial-code=\"+1784\" >Saint Vincent and the Grenadines (+1784)<\/option><option value=\"ws\" data-dial-code=\"+685\" >Samoa (+685)<\/option><option value=\"sm\" data-dial-code=\"+378\" >San Marino (+378)<\/option><option value=\"st\" data-dial-code=\"+239\" >S\u00e3o Tom\u00e9 and Pr\u00edncipe (+239)<\/option><option value=\"sa\" data-dial-code=\"+966\" >Saudi Arabia (+966)<\/option><option value=\"sn\" data-dial-code=\"+221\" >Senegal (+221)<\/option><option value=\"rs\" data-dial-code=\"+381\" >Serbia (+381)<\/option><option value=\"sc\" data-dial-code=\"+248\" >Seychelles (+248)<\/option><option value=\"sl\" data-dial-code=\"+232\" >Sierra Leone (+232)<\/option><option value=\"sg\" data-dial-code=\"+65\" >Singapore (+65)<\/option><option value=\"sx\" data-dial-code=\"+1721\" >Sint Maarten (+1721)<\/option><option value=\"sk\" data-dial-code=\"+421\" >Slovakia (+421)<\/option><option value=\"si\" data-dial-code=\"+386\" >Slovenia (+386)<\/option><option value=\"sb\" data-dial-code=\"+677\" >Solomon Islands (+677)<\/option><option value=\"so\" data-dial-code=\"+252\" >Somalia (+252)<\/option><option value=\"za\" data-dial-code=\"+27\" >South Africa (+27)<\/option><option value=\"kr\" data-dial-code=\"+82\" >South Korea (+82)<\/option><option value=\"ss\" data-dial-code=\"+211\" >South Sudan (+211)<\/option><option value=\"es\" data-dial-code=\"+34\" >Spain (+34)<\/option><option value=\"lk\" data-dial-code=\"+94\" >Sri Lanka (+94)<\/option><option value=\"sd\" data-dial-code=\"+249\" >Sudan (+249)<\/option><option value=\"sr\" data-dial-code=\"+597\" >Suriname (+597)<\/option><option value=\"sj\" data-dial-code=\"+47\" >Svalbard and Jan Mayen (+47)<\/option><option value=\"sz\" data-dial-code=\"+268\" >Swaziland (+268)<\/option><option value=\"se\" data-dial-code=\"+46\" >Sweden (+46)<\/option><option value=\"ch\" data-dial-code=\"+41\" >Switzerland (+41)<\/option><option value=\"sy\" data-dial-code=\"+963\" >Syria (+963)<\/option><option value=\"tw\" data-dial-code=\"+886\" >Taiwan (+886)<\/option><option value=\"tj\" data-dial-code=\"+992\" >Tajikistan (+992)<\/option><option value=\"tz\" data-dial-code=\"+255\" >Tanzania (+255)<\/option><option value=\"th\" data-dial-code=\"+66\" >Thailand (+66)<\/option><option value=\"tl\" data-dial-code=\"+670\" >Timor-Leste (+670)<\/option><option value=\"tg\" data-dial-code=\"+228\" >Togo (+228)<\/option><option value=\"tk\" data-dial-code=\"+690\" >Tokelau (+690)<\/option><option value=\"to\" data-dial-code=\"+676\" >Tonga (+676)<\/option><option value=\"tt\" data-dial-code=\"+1868\" >Trinidad and Tobago (+1868)<\/option><option value=\"tn\" data-dial-code=\"+216\" >Tunisia (+216)<\/option><option value=\"tr\" data-dial-code=\"+90\" >Turkey (+90)<\/option><option value=\"tm\" data-dial-code=\"+993\" >Turkmenistan (+993)<\/option><option value=\"tc\" data-dial-code=\"+1649\" >Turks and Caicos Islands (+1649)<\/option><option value=\"tv\" data-dial-code=\"+688\" >Tuvalu (+688)<\/option><option value=\"ug\" data-dial-code=\"+256\" >Uganda (+256)<\/option><option value=\"ua\" data-dial-code=\"+380\" >Ukraine (+380)<\/option><option value=\"ae\" data-dial-code=\"+971\" >United Arab Emirates (+971)<\/option><option value=\"gb\" data-dial-code=\"+44\" selected>United Kingdom (+44)<\/option><option value=\"us\" data-dial-code=\"+1\" >United States (+1)<\/option><option value=\"uy\" data-dial-code=\"+598\" >Uruguay (+598)<\/option><option value=\"uz\" data-dial-code=\"+998\" >Uzbekistan (+998)<\/option><option value=\"vu\" data-dial-code=\"+678\" >Vanuatu (+678)<\/option><option value=\"va\" data-dial-code=\"+39\" >Vatican City (+39)<\/option><option value=\"ve\" data-dial-code=\"+58\" >Venezuela (+58)<\/option><option value=\"vn\" data-dial-code=\"+84\" >Vietnam (+84)<\/option><option value=\"wf\" data-dial-code=\"+681\" >Wallis and Futuna (+681)<\/option><option value=\"eh\" data-dial-code=\"+212\" >Western Sahara (+212)<\/option><option value=\"ye\" data-dial-code=\"+967\" >Yemen (+967)<\/option><option value=\"zm\" data-dial-code=\"+260\" >Zambia (+260)<\/option><option value=\"zw\" data-dial-code=\"+263\" >Zimbabwe (+263)<\/option>                            <\/select>\r\n                                                        <input type=\"tel\" id=\"ip_reg_phone\" name=\"reg_phone\" value=\"+44\" placeholder=\"Phone number\">\r\n                        <\/div>\r\n                    <\/div>\r\n\t\t\t\t\t<div class=\"form-group\">\r\n\t\t\t\t\t\t<label for=\"ip_reg_password\" class=\"label-field\">Password<span class=\"require\">*<\/span><\/label>\r\n\t\t\t\t\t\t<input type=\"password\" id=\"ip_reg_password\" class=\"form-control input-field\" name=\"reg_password\" autocomplete=\"on\" placeholder=\"Enter Password\">\r\n\t\t\t\t\t<\/div>\r\n\r\n\t\t\t\t\t<div class=\"form-group accept-account\">\r\n\t\t\t\t\t\t\t\t\t\t\t\t<input type=\"checkbox\" id=\"ip_accept_account1\" class=\"form-control custom-checkbox\" name=\"accept_account\">\r\n\t\t\t\t\t\t<label for=\"ip_accept_account1\">Accept the <a href=\"https:\/\/happytime.blog\/index.php\/about-team\/\">Terms<\/a> and <a href=\"https:\/\/happytime.blog\/index.php\/about-team\/\">Privacy Policy<\/a><\/label>\r\n\t\t\t\t\t<\/div>\r\n\r\n\t\t\t\t\t<p class=\"msg\">Sending register info,please wait...<\/p>\r\n\r\n\t\t\t\t\t<div class=\"form-group\">\r\n\t\t\t\t\t\t<button type=\"submit\" class=\"gl-button btn button\" value=\"Sign in\">Sign up<\/button>\r\n\t\t\t\t\t<\/div>\r\n\t\t\t\t<\/form>\r\n\r\n\t\t\t\t<form action=\"#\" id=\"ux-verify\" class=\"form-account ux-verify\" method=\"post\">\r\n\t\t\t\t\t\t\t\t\t\t<p class=\"msg\">Sending register info,please wait...<\/p>\r\n\t\t\t\t\t<div class=\"form-group\">\r\n\t\t\t\t\t\t<button type=\"submit\" class=\"gl-button btn button\" value=\"Verify\">Verify<\/button>\r\n\t\t\t\t\t<\/div>\r\n\t\t\t\t<\/form>\r\n\r\n                <div class=\"addon-login-wrap\">\r\n                    \r\n                        <div class=\"addon-login\">\r\n                            Or Continue with                        <\/div>\r\n\r\n                        <ul>\r\n                                                                                        <li><a class=\"google-login\" href=\"#\"><i class=\"fab fa-google\"><\/i><\/a><\/li>\r\n                                                                                <\/ul>\r\n\r\n                                    <\/div>\r\n\t\t\t\t\t\t\t<\/div>\n\t\t\t\t<\/div>\n\t\t\t\t<\/div>\n\t\t\t\t<\/div>\n\t\t\t\t<\/div>\n\t\t","protected":false},"excerpt":{"rendered":"<p>Sign up or already have an account? Sign in You are logged in!<\/p>\n","protected":false},"author":1,"featured_media":0,"parent":0,"menu_order":0,"comment_status":"closed","ping_status":"closed","template":"elementor_canvas","meta":{"footnotes":""},"class_list":["post-2893","page","type-page","status-publish","hentry"],"_links":{"self":[{"href":"https:\/\/happytime.blog\/index.php\/wp-json\/wp\/v2\/pages\/2893","targetHints":{"allow":["GET"]}}],"collection":[{"href":"https:\/\/happytime.blog\/index.php\/wp-json\/wp\/v2\/pages"}],"about":[{"href":"https:\/\/happytime.blog\/index.php\/wp-json\/wp\/v2\/types\/page"}],"author":[{"embeddable":true,"href":"https:\/\/happytime.blog\/index.php\/wp-json\/wp\/v2\/users\/1"}],"replies":[{"embeddable":true,"href":"https:\/\/happytime.blog\/index.php\/wp-json\/wp\/v2\/comments?post=2893"}],"version-history":[{"count":0,"href":"https:\/\/happytime.blog\/index.php\/wp-json\/wp\/v2\/pages\/2893\/revisions"}],"wp:attachment":[{"href":"https:\/\/happytime.blog\/index.php\/wp-json\/wp\/v2\/media?parent=2893"}],"curies":[{"name":"wp","href":"https:\/\/api.w.org\/{rel}","templated":true}]}}